 Suppose -2*o + 3*v = -1500, -8*v - 4 = -z*v. What is the highest common factor of 48 and o?
24
Suppose -11*v + 6*v = 2*h - 125, 0 = 2*h - 5*v - 115. Suppose 19*s - 9*s = h. Calculate the highest common factor of 9 and s.
3
Suppose 0 = -37*p + 714 - 48. Let v = 10 + -10. Suppose v = 4*q + 2*d - 790, -4*q + d = -1103 + 310. What is the highest common factor of p and q?
18
Let k = 1612 - 1546. Suppose -4*d + 2*n - 8 = -36, -n - 20 = -3*d. What is the highest common divisor of k and d?
6
Let r(m) = 8*m - 9. Let u be 4 + 80/(-35) - 2/(-7). Let k be r(u). Suppose -k*i = -115 - 53. Calculate the greatest common factor of i and 72.
24
Suppose 0 = 192*l - 182*l - 380. What is the highest common factor of l and 6422?
38
Suppose 226*j + 302 = 3240. Calculate the highest common divisor of j and 46033.
13
Let y(k) = -20*k - 405. Let a be y(-24). Calculate the highest common factor of a and 3.
3
Suppose -d = -3*d. Suppose 2*o - 3 = -7, y = -o + 1. Suppose -y*n + 0*n + 2*h = -32, d = 5*n - 5*h - 50. Calculate the highest common factor of 2 and n.
2
Let m be -5 + (8 - 3) + -1 + -14. Suppose 4*r + 6 = -5*w, -w + 2*r + 2 = 6*r. Let l be (-5)/(((-10)/w)/m). Calculate the highest common divisor of 30 and l.
15
Suppose 0 = -59*t + 206*t + 36*t - 2379. What is the highest common factor of t and 8?
1
Let d(y) = 29*y**2 + 4*y. Let i be d(4). Suppose -s - i = -21*s. Calculate the highest common factor of s and 8.
8
Let g(u) = u**3 + 4*u**2 - 3*u - 20. Let q be g(-3). Let j be 92 - (q + 2)/(-5). What is the highest common divisor of 8 and j?
4
Let c = 18 - 12. Let h(s) = 9*s - 14. Let y be h(c). Let p(f) = 38*f - 290. Let w be p(15). Calculate the highest common divisor of w and y.
40
Let x be 6/39 - 646/(-26). Let k be (2*5)/(8 - 2242/285). What is the highest common divisor of x and k?
25
Let p be 1920 - 36/(-10)*(-85)/51. What is the greatest common divisor of p and 522?
174
Suppose -22586*r + 22585*r = -158. What is the greatest common factor of 5767 and r?
79
Let d(u) = 5*u**2 - 4*u - 4. Let q be d(-3). Suppose z - q = -5. Suppose -v + 4*x = -64, 322*v - 317*v = -x + 26. What is the highest common divisor of v and z?
8
Suppose 0 = 5*q - 0*q - d - 9, -4*q = -d - 7. Suppose -q*z - 25 = -377. Suppose 2*t = -0*t + 44. What is the greatest common divisor of z and t?
22
Let k be (-2)/(-3) + (-395)/(-15). Let i be (6/8)/(10/600). Suppose -3*b + i = -k. Calculate the greatest common factor of 40 and b.
8
Let x = -46030 - -88246. What is the greatest common divisor of 24 and x?
24
Let m be (-361)/361 + -1 + 1913. What is the greatest common factor of m and 1092?
273
Suppose -2*c = -5*a - 0*a + 68, 3*a - 3*c - 48 = 0. Let g = 57382 - 56650. What is the greatest common factor of g and a?
12
Let j = -29 + 33. Let f be 10*1/j*24/20. Suppose 2*q = s + 86, 5*q - 202 = -f*s - s. Calculate the greatest common factor of q and 6.
6
Suppose -1714 = -2*v + 2*o - 674, -4*o = -3*v + 1548. Suppose 5 = -f + 24. Calculate the highest common divisor of v and f.
19
Let h(n) = n**3 - 14*n**2 + 148*n - 1746. Let m be h(13). Suppose 4*u = -w + 397, u - w = 3*u - 199. Calculate the highest common factor of u and m.
9
Suppose -4755 = -39*a + 105*a - 28845. What is the highest common divisor of a and 1168?
73
Let i be (-104)/(-6) + (-2)/(-3). Let n(z) = -413*z - 9014. Let r be n(-22). What is the highest common factor of i and r?
18
Let l = 2566 - 2492. Calculate the highest common divisor of l and 518.
74
Let k = 48 - 39. Suppose -k*b = 4 - 49. Let l(y) = 2*y**2 - 12*y + 13. Let u be l(8). Calculate the greatest common factor of u and b.
5
Let q = -4691 + 12911. What is the highest common factor of 40 and q?
20
Let j be (-371)/(-14) + (-40)/16. Calculate the greatest common divisor of 588 and j.
12
Let k be ((-87)/(-12))/(3/(-12)). Let j be (-8)/(-2) + -1 - k. Calculate the highest common factor of 216 and j.
8
Let k = 49 - 1. Suppose 162 = -10*n - 38. Let s be (k/n)/((-2)/10). What is the greatest common factor of 12 and s?
12
Let i(c) = -c**3 + 32*c**2 - 182*c - 89. Let g be i(16). Calculate the highest common divisor of g and 45.
15
Suppose 4 = -r + 69. Let y = r - 34. Let l = y - 25. Calculate the highest common divisor of l and 30.
6
Let f(t) = -t**3 + 7*t**2 - 5*t + 9. Let m(d) = -4*d**2. Let g be m(1). Let p be 9 - 6*(-2)/g. Let k be f(p). What is the highest common factor of 75 and k?
15
Let w be 4/15 - 69824/(-60). What is the greatest common divisor of 485 and w?
97
Let v = 2005 + -1997. Calculate the highest common factor of v and 56.
8
Let f be (-558)/465*220/(-12). What is the greatest common factor of f and 6886?
22
Let o(h) = -27*h - 1935. Let x be o(-88). What is the greatest common factor of 98 and x?
49
Suppose 9*b = 410 - 194. Calculate the highest common divisor of 942 and b.
6
Suppose 0 = -3*v + 5*l + 1864, -4*v + 4*l + 1092 = -1380. Calculate the highest common divisor of 4 and v.
1
Suppose 76*r + 204*r - 1025367 = -31*r. Calculate the highest common divisor of r and 126.
21
Let a(b) = -b**2 - 66*b + 552. Let p be a(-70). What is the greatest common divisor of p and 442?
34
Suppose r - j = 83, 2*r = -0*j - 3*j + 191. Let d be (63/(-126))/((-2)/(-48)) - -14. Calculate the highest common divisor of r and d.
2
Suppose 4*r + 62 = -u + 2*r, -4*r = u + 52. Let n be -4 + u/4*-3. What is the highest common factor of n and 150?
50
Let s be (70/15)/((-1)/(-6)). Let k be ((-52)/(-8))/(-1*2/(-4)). Let h be ((-98)/4)/(k/(-104)). What is the greatest common divisor of h and s?
28
Suppose -7*j + 3*j + 20 = 0. Let p be ((-6)/(-9))/(2/9). Let y be p*(40/12 - 3)*20. Calculate the highest common factor of y and j.
5
Let l be (-3)/5 - 3/(-5)*-4. Let n be ((2/l)/(1/(-54)))/1. Suppose 4*h + 2*d - 8 = 0, 3*d - 4*d = 5*h - 16. Calculate the greatest common divisor of n and h.
4
Let b(g) = -g**2 - 3*g + 345. Let m be 12 - (0 + 6) - 6. Let r be b(m). What is the highest common factor of 30 and r?
15
Suppose 4*g = 2*p - 5152, -4*g = 7*p - 4*p - 7718. Calculate the greatest common divisor of p and 6.
6
Let s be (8 + (-284)/10 - -9)/((-1)/5). What is the greatest common factor of 48 and s?
3
Let a be (3/((-36)/32))/(11 + (-1162)/105). Calculate the greatest common factor of a and 410.
10
Let o = -103 - -123. Suppose -11*p = -16*p + o. Calculate the greatest common divisor of p and 8.
4
Suppose 0 = 4*o - 20, -5*o - 34 = -2*z - 51. Suppose -996 = -z*n - 3*v, -3*n + 992 = n + 4*v. Calculate the greatest common divisor of 63 and n.
63
Suppose 2*i - 1803 = 3*d, -4532 = -5*i + 1917*d - 1913*d. Let p be 96*((-1)/(-2) + 0). What is the highest common divisor of i and p?
48
Suppose 556 = 19*l - 1040. Calculate the highest common divisor of l and 141.
3
Suppose 77190 = 124*b - 26970. Calculate the highest common factor of 3480 and b.
120
Suppose 1531 = 13*t - 29. Calculate the greatest common divisor of t and 2580.
60
Suppose -4*n = 2*t - 134, 0*t = 3*n + 3*t - 96. Let f(s) = s**2 + 205*s + 4082. Let w be f(-22). Calculate the greatest common factor of n and w.
7
Let r be 1475948/60 - (10/(-450))/(2/(-12)). What is the greatest common factor of 17 and r?
17
Suppose -30 = -b - 25. Suppose 0 = 3*i + 3*a + a - 995, -b*a - 1670 = -5*i. What is the greatest common factor of i and 9?
9
Let r(v) = -7*v - 25. Let z be r(-5). Suppose -z*g - 2*c + 60 = -6*g, -5*g + 2*c = -57. Calculate the highest common divisor of 13 and g.
13
Let c = -14 + 17. Suppose l + c*w - 17 = -l, -4*l - 2*w = -54. Let r be 542/8 - (-4)/l. What is the highest common divisor of 17 and r?
17
Let l = 83141 - 83140. Suppose g = 2*g - b - 3, -4 = -3*g - 2*b. Let t be (-1 + g)*(3 - 0). Calculate the greatest common divisor of t and l.
1
Suppose 0 = -j - 5*o + 423 + 2179, 3*o = -4*j + 10510. What is the greatest common divisor of 64 and j?
8
Let f = -166 - -237. Suppose 3*k + 5*d = -178, 197 = -5*k + 4*d - 112. Let j = k + f. Calculate the highest common factor of j and 2.
2
Let f(h) = -7*h - 25. Let o be f(-9). Suppose 6*t - o = 118. Suppose 0 = 4*n - 26 - 26. Calculate the highest common divisor of t and n.
13
Suppose 3*c = 2*p + 19, -2*p + 5*c = -7*p - 10. Let o be -17 + 6/(-15)*p. Let a = o - -24. Calculate the greatest common factor of 18 and a.
9
Let r(v) = 146*v**2 + 1. Suppose -4*q = 3*d + 19, -4*q + d - 16 = -17. Let i be r(q). What is the 